{"id":2082,"date":"2017-06-15T13:15:48","date_gmt":"2017-06-15T16:15:48","guid":{"rendered":"http:\/\/industrias-lider.com.bo\/app\/?post_type=product&#038;p=2082"},"modified":"2017-09-12T12:49:21","modified_gmt":"2017-09-12T15:49:21","slug":"dulce-tropico","status":"publish","type":"product","link":"http:\/\/industrias-lider.com.bo\/app\/productos\/dulce-tropico\/","title":{"rendered":"DULCE TROPICO"},"content":{"rendered":"","protected":false},"excerpt":{"rendered":"<p>Caramelo duro en distintos sabores:<\/p>\n<p><strong>Sabores:<\/strong><\/p>\n<p>Menta<\/p>\n<p>Frutilla<\/p>\n<p>Limon<\/p>\n<p>Caf\u00e9<\/p>\n<p>Cola<\/p>\n<p>&nbsp;<\/p>\n<p><strong>Beneficios:<\/strong><\/p>\n<p>Pone activo gracias a la presencia de glucosa te da energ\u00eda en forma r\u00e1pida, sin producir molestias gastrointestinales.<\/p>\n<p><strong>Dulce Tr\u00f3pico reduce el cansancio y los efectos del sue\u00f1o, porque mejora la capacidad de atenci\u00f3n y te brinda m\u00e1s energ\u00eda ya que el dulce proporciona varias calor\u00edas.<\/strong><\/p>\n<p>&nbsp;<\/p>\n<p>Presentaci\u00f3n: Bolsa de 100 g.<\/p>\n","protected":false},"featured_media":2285,"comment_status":"closed","ping_status":"closed","template":"","meta":[],"class_list":{"0":"post-2082","1":"product","2":"type-product","3":"status-publish","4":"has-post-thumbnail","6":"product_cat-dulce-tropico","7":"product_cat-linea-confiteria","9":"first","10":"instock","11":"shipping-taxable","12":"product-type-simple"},"_links":{"self":[{"href":"http:\/\/industrias-lider.com.bo\/app\/wp-json\/wp\/v2\/product\/2082","targetHints":{"allow":["GET"]}}],"collection":[{"href":"http:\/\/industrias-lider.com.bo\/app\/wp-json\/wp\/v2\/product"}],"about":[{"href":"http:\/\/industrias-lider.com.bo\/app\/wp-json\/wp\/v2\/types\/product"}],"replies":[{"embeddable":true,"href":"http:\/\/industrias-lider.com.bo\/app\/wp-json\/wp\/v2\/comments?post=2082"}],"wp:featuredmedia":[{"embeddable":true,"href":"http:\/\/industrias-lider.com.bo\/app\/wp-json\/wp\/v2\/media\/2285"}],"wp:attachment":[{"href":"http:\/\/industrias-lider.com.bo\/app\/wp-json\/wp\/v2\/media?parent=2082"}],"curies":[{"name":"wp","href":"https:\/\/api.w.org\/{rel}","templated":true}]}}