{"id":2105,"date":"2017-06-16T10:46:54","date_gmt":"2017-06-16T13:46:54","guid":{"rendered":"http:\/\/industrias-lider.com.bo\/app\/?post_type=product&#038;p=2105"},"modified":"2017-08-09T13:30:25","modified_gmt":"2017-08-09T16:30:25","slug":"te-paris-2","status":"publish","type":"product","link":"http:\/\/industrias-lider.com.bo\/app\/productos\/te-paris-2\/","title":{"rendered":"TE PARIS"},"content":{"rendered":"","protected":false},"excerpt":{"rendered":"<p>Producto de una fina selecci\u00f3n y mezcla de t\u00e9s y canela natural de alta calidad<\/p>\n<p>T\u00e9 Paris con canela, presenta un exquisito aroma natural de color vivo y delicioso sabor, cumpliendo estrictos controles de calidad.<\/p>\n<p><strong>SABORES:<\/strong><\/p>\n<p><strong>T\u00c9 PURO,T\u00c9 CON CANELA<\/strong>, <strong>T\u00c9 CON CANELA Y CLAVO Y T\u00c9 CON LIM\u00d3N<\/strong><\/p>\n<p><strong>Beneficios <\/strong><\/p>\n<p>estimular el aparato digestivo y su alto contenido de antioxidantes lo hacen excelentes para mantenerlo\u00a0 la piel en buen estado y adem\u00e1s previniendo problemas gastro-intestinales.<\/p>\n<p><strong>Detalles del producto<\/strong><\/p>\n<p>Nombre Comercial del Producto: T\u00e9 Par\u00eds<\/p>\n<p>Presentaci\u00f3n: Caja de 100 unidades 20 unidades<\/p>\n","protected":false},"featured_media":2280,"comment_status":"closed","ping_status":"closed","template":"","meta":[],"class_list":{"0":"post-2105","1":"product","2":"type-product","3":"status-publish","4":"has-post-thumbnail","6":"product_cat-linea-infusion","7":"product_cat-te-paris","9":"first","10":"instock","11":"shipping-taxable","12":"product-type-simple"},"_links":{"self":[{"href":"http:\/\/industrias-lider.com.bo\/app\/wp-json\/wp\/v2\/product\/2105","targetHints":{"allow":["GET"]}}],"collection":[{"href":"http:\/\/industrias-lider.com.bo\/app\/wp-json\/wp\/v2\/product"}],"about":[{"href":"http:\/\/industrias-lider.com.bo\/app\/wp-json\/wp\/v2\/types\/product"}],"replies":[{"embeddable":true,"href":"http:\/\/industrias-lider.com.bo\/app\/wp-json\/wp\/v2\/comments?post=2105"}],"wp:featuredmedia":[{"embeddable":true,"href":"http:\/\/industrias-lider.com.bo\/app\/wp-json\/wp\/v2\/media\/2280"}],"wp:attachment":[{"href":"http:\/\/industrias-lider.com.bo\/app\/wp-json\/wp\/v2\/media?parent=2105"}],"curies":[{"name":"wp","href":"https:\/\/api.w.org\/{rel}","templated":true}]}}

<p>Producto de una fina selección y mezcla de tés y canela natural de alta calidad</p>
<p>Té Paris con canela, presenta un exquisito aroma natural de color vivo y delicioso sabor, cumpliendo estrictos controles de calidad.</p>
<p><strong>SABORES:</strong></p>
<p><strong>TÉ PURO,TÉ CON CANELA</strong>, <strong>TÉ CON CANELA Y CLAVO Y TÉ CON LIMÓN</strong></p>
<p><strong>Beneficios </strong></p>
<p>estimular el aparato digestivo y su alto contenido de antioxidantes lo hacen excelentes para mantenerlo  la piel en buen estado y además previniendo problemas gastro-intestinales.</p>
<p><strong>Detalles del producto</strong></p>
<p>Nombre Comercial del Producto: Té París</p>
<p>Presentación: Caja de 100 unidades 20 unidades</p>
