{"id":2112,"date":"2017-06-16T10:50:33","date_gmt":"2017-06-16T13:50:33","guid":{"rendered":"http:\/\/industrias-lider.com.bo\/app\/?post_type=product&#038;p=2112"},"modified":"2017-09-07T12:12:28","modified_gmt":"2017-09-07T15:12:28","slug":"te-camba-con-canela-solo-santa-cruz","status":"publish","type":"product","link":"https:\/\/industrias-lider.com.bo\/app\/productos\/te-camba-con-canela-solo-santa-cruz\/","title":{"rendered":"TE CAMBA CON CANELA TROPICALIZADO"},"content":{"rendered":"","protected":false},"excerpt":{"rendered":"<p>T\u00e9 Camba con Canela, es un producto de una fina selecci\u00f3n y mezcla de t\u00e9s y canela natural de alta calidad exclusivamente para el Oriente.<\/p>\n<p>T\u00e9 Camba con canela, presenta un exquisito aroma natural de color vivo y delicioso sabor, cumpliendo estrictos controles de calidad.<\/p>\n<p><strong>Beneficios:<\/strong><\/p>\n<p>Mejora la concentraci\u00f3n y la agilidad mental\u00a0 adem\u00e1s de ser un excelente estimulante.<\/p>\n<p>que ayuda a la salud dental.<\/p>\n<p>Te Camba con canela, es excelente para combatir el frio.<\/p>\n<p><strong>Detalles del producto<\/strong><\/p>\n<p>Nombre Comercial del Producto: T\u00e9 Camba<\/p>\n<p>Presentaci\u00f3n: Caja de 100 unidades 20 unidades<\/p>\n","protected":false},"featured_media":2281,"comment_status":"closed","ping_status":"closed","template":"","meta":[],"class_list":{"0":"post-2112","1":"product","2":"type-product","3":"status-publish","4":"has-post-thumbnail","6":"product_cat-linea-infusion","7":"product_cat-te-camba","9":"first","10":"instock","11":"shipping-taxable","12":"product-type-simple"},"_links":{"self":[{"href":"https:\/\/industrias-lider.com.bo\/app\/wp-json\/wp\/v2\/product\/2112","targetHints":{"allow":["GET"]}}],"collection":[{"href":"https:\/\/industrias-lider.com.bo\/app\/wp-json\/wp\/v2\/product"}],"about":[{"href":"https:\/\/industrias-lider.com.bo\/app\/wp-json\/wp\/v2\/types\/product"}],"replies":[{"embeddable":true,"href":"https:\/\/industrias-lider.com.bo\/app\/wp-json\/wp\/v2\/comments?post=2112"}],"wp:featuredmedia":[{"embeddable":true,"href":"https:\/\/industrias-lider.com.bo\/app\/wp-json\/wp\/v2\/media\/2281"}],"wp:attachment":[{"href":"https:\/\/industrias-lider.com.bo\/app\/wp-json\/wp\/v2\/media?parent=2112"}],"curies":[{"name":"wp","href":"https:\/\/api.w.org\/{rel}","templated":true}]}}